1?
1
What is the ten thousands digit of 1826776?
2
What is the units digit of 142075?
5
What is the ten thousands digit of 1800078?
0
What is the thousands digit of 8451469?
1
What is the thousands digit of 73218?
3
What is the ten millions digit of 34145932?
3
What is the units digit of 53269?
9
What is the hundreds digit of 361953?
9
What is the hundred thousands digit of 634763?
6
What is the hundred thousands digit of 7536060?
5
What is the tens digit of 914770?
7
What is the thousands digit of 55920?
5
What is the hundreds digit of 143692?
6
What is the millions digit of 1430133?
1
What is the millions digit of 5193459?
5
What is the tens digit of 237791?
9
What is the hundreds digit of 10506601?
6
What is the hundred thousands digit of 110013?
1
What is the ten thousands digit of 2817608?
1
What is the units digit of 9747527?
7
What is the tens digit of 1244125?
2
What is the hundred thousands digit of 2056898?
0
What is the millions digit of 18341456?
8
What is the hundred thousands digit of 104051?
1
What is the hundreds digit of 15346963?
9
What is the hundred thousands digit of 316134?
3
What is the hundreds digit of 7264101?
1
What is the hundreds digit of 269971?
9
What is the units digit of 1498172?
2
What is the hundred thousands digit of 2107546?
1
What is the thousands digit of 1330049?
0
What is the hundreds digit of 242278?
2
What is the hundred thousands digit of 13730313?
7
What is the tens digit of 11501225?
2
What is the tens digit of 347405?
0
What is the ten thousands digit of 64564?
6
What is the ten thousands digit of 121094?
2
What is the tens digit of 2438098?
9
What is the hundreds digit of 13831998?
9
What is the thousands digit of 304118?
4
What is the ten thousands digit of 1656638?
5
What is the thousands digit of 1582311?
2
What is the ten millions digit of 13846364?
1
What is the hundred thousands digit of 332138?
3
What is the hundreds digit of 773601?
6
What is the thousands digit of 579465?
9
What is the hundred thousands digit of 234753?
2
What is the hundreds digit of 177658?
6
What is the thousands digit of 25711208?
1
What is the hundreds digit of 1007108?
1
What is the tens digit of 1283631?
3
What is the hundreds digit of 826829?
8
What is the units digit of 265693?
3
What is the ten thousands digit of 3595691?
9
What is the ten thousands digit of 9848394?
4
What is the thousands digit of 825906?
5
What is the units digit of 186961?
1
What is the ten thousands digit of 170230?
7
What is the thousands digit of 189190?
9
What is the tens digit of 14083103?
0
What is the hundreds digit of 119955?
9
What is the units digit of 19360713?
3
What is the units digit of 232042?
2
What is the tens digit of 28157281?
8
What is the millions digit of 11251096?
1
What is the hundreds digit of 60304?
3
What is the thousands digit of 16729566?
9
What is the units digit of 196107?
7
What is the units digit of 2854610?
0
What is the hundreds digit of 1375637?
6
What is the hundreds digit of 13155624?
6
What is the hundred thousands digit of 9473176?
4
What is the thousands digit of 344382?
4
What is the hundred thousands digit of 10829207?
8
What is the thousands digit of 616964?
6
What is the ten thousands digit of 18657511?
5
What is the ten thousands digit of 98155?
9
What is the hundreds digit of 1319185?
1
What is the units digit of 222675?
5
What is the thousands digit of 245499?
5
What is the hundreds digit of 598082?
0
What is the hundreds digit of 279251?
2
What is the hundreds digit of 3370850?
8
What is the ten thousands digit of 10518601?
1
What is the ten thousands digit of 950597?
5
What is the units digit of 2473506?
6
What is the ten thousands digit of 1667908?
6
What is the ten thousands digit of 141296?
4
What is the ten thousands digit of 1349277?
4
What is the hundred thousands digit of 1928790?
9
What is the ten millions digit of 12583708?
1
What is the hundred thousands digit of 901271?
9
What is the tens digit of 1625383?
8
What is the units digit of 23008349?
9
What is the hundreds digit of 1234332?
3
What is the tens digit of 1098322?
2
What is the hundred thousands digit of 7317558?
3
What is the thousands digit of 1832177?
2
What is the hundred thousands digit of 18772980?
7
What is the hundreds digit of 2846070?
0
What is the tens digit of 713497?
9
What is the units digit of 13618865?
5
What is the ten thousands digit of 112622?
1
What is the units digit of 11638029?
9
What is the tens digit of 280916?
1
What is the hundred thousands digit of 310570?
3
What is the ten thousands digit of 1700801?
0
What is the tens digit of 933536?
3
What is the tens digit of 2401697?
9
What is the millions digit of 1794027?
1
What is the units digit of 301758?
8
What is the millions digit of 1492900?
1
What is the thousands digit of 12472689?
2
What is the units digit of 156116?
6
What is the thousands digit of 564843?
4
What is the thousands digit of 1094972?
4
What is the millions digit of 2806133?
2
What is the units digit of 477756?
6
What is the ten thousands digit of 184430?
8
What is the ten thousands digit of 804211?
0
What is the millions digit of 1740251?
1
What is the ten thousands digit of 494112?
9
What is the ten thousands digit of 245623?
4
What is the thousands digit of 9688?
9
What is the thousands digit of 179062?
9
What is the units digit of 18672422?
2
What is the hundreds digit of 9001041?
0
What is the thousands digit of 28073472?
3
What is the units digit of 2235218?
8
What is the ten thousands digit of 351838?
5
What is the hundred thousands digit of 257966?
2
What is the ten millions digit of 10713855?
1
What is the units digit of 1473495?
5
What is the units digit of 93552?
2
What is the millions digit of 7929491?
7
What is the thousands digit of 7778284?
8
What is the tens digit of 410885?
8
What is the ten thousands digit of 176286?
7
What is the thousands digit of 17813511?
3
What is the hundred thousands digit of 349461?
3
What is the tens digit of 177049?
4
What is the ten thousands digit of 14131?
1
What is the units digit of 21747651?
1
What is the hundred thousands digit of 849849?
8
What is the units digit of 6793?
3
What is the units digit of 3231149?
9
What is the units digit of 305107?
7
What is the tens digit of 1596431?
3
What is the hundreds digit of 395408?
4
What is the hundreds digit of 213947?
9
What is the units digit of 1711102?
2
What is the ten thousands digit of 295313?
9
What is the hundreds digit of 18692101?
1
What is the hundreds digit of 8772902?
9
What is the tens digit of 1037638?
3
What is the tens digit of 202754?
5
What is the units digit of 2809258?
8
What is the units digit of 1746915?
5
What is the thousands digit of 492091?
2
What is the tens digit of 8561231?
3
What is the tens digit of 3067600?
0
What is the tens digit of 2164114?
1
What is the hundreds digit of 511932?
9
What is the units digit of 1413359?
9
What is the units digit of 2270555?
5
What is the units digit of 10634001?
1
What is the millions digit of 2371236?
2
What is the hundreds digit of 5602735?
7
What is the hundred thousands digit of 28462828?
4
What is the thousands digit of 8044139?
4
What is the millions digit of 18972127?
8
What is the hundreds digit of 11828346?
3
What is the units digit of 2760748?
8
What is the ten thousands digit of 593116?
9
What is the hundred thousands digit of 148830?
1
What is the millions digit of 2381892?
2
What is the tens digit of 266309?
0
What is the hundred thousands digit of 260445?
2
What is the millions digit of 9844309?
9
What is the thousands digit of 230032?
0
What is the hundreds digit of 168204?
2
What is the hundred thousands digit of 1839710?
8
What is the ten thousands digit of 211658?
1
What is the hundreds digit of 34918?
9
What is the thousands digit of 340057?
0
What is the hundred thousands digit of 8952345?
9
What is the thousands digit of 752762?
2
What is the hundreds digit of 233552?
5
What is the tens digit of 16173912?
1
What is the thousands digit of 4794147?
4
What is the millions digit of 2972700?
2
What is the ten thousands digit of 2424546?
2
What is the ten thousands digit of 12697255?
9
What is the units digit of 52257?
7
What is the tens digit of 282810?
1
What is the hundreds digit of 798558?
5
What i